a(t) = -45*g(t) - 2*x(t). Let c be a(-2). Let i = 74 - c. What is the tens digit of i?
3
Let g = -170 - -172. Suppose -g*c + 1488 = a, -4*a + 5*a = -3*c + 2232. What is the tens digit of c?
4
Suppose -42*x = -32*x + 430. Let s = x - -124. What is the tens digit of s?
8
Let i(y) = 283*y**3 + y**2 + 8*y + 4. What is the thousands digit of i(3)?
7
Let i be ((-1)/1)/(2/60*-3). What is the hundreds digit of ((-25)/i + -5)*(-364)/6?
4
Let z(v) = -v**3 - 31*v**2 + 29*v + 28. Let r = 36 + -68. What is the tens digit of z(r)?
2
Let t(i) = i**2 - 3. Let n be t(0). Let j be (-30)/(-6) - (-7 - n). Suppose 0 = -j*u + 13*u - 328. What is the units digit of u?
2
Let j = 82384 - 46452. What is the ten thousands digit of j?
3
Let d(l) = 3*l - 37. Let v be d(13). Suppose -v*s + 136 = 6*s. Suppose s*g - 1259 = -103. What is the units digit of g?
8
Let j = 15769 + 12571. What is the ten thousands digit of j?
2
Let y(o) = -2*o**2 + 20*o - 14. Let l be y(10). What is the hundreds digit of (-20)/(-7)*(-222)/24*l?
3
Suppose -11*p - 17252 = -15*p - 3*k, -17224 = -4*p + 4*k. What is the tens digit of p?
1
Let x = 33697 - -20530. What is the ten thousands digit of x?
5
Suppose 55*q = -117*q + 1247650 + 1593274. What is the units digit of q?
7
Suppose 73004 = 3*u + 4*q, -40*q + 72992 = 3*u - 42*q. What is the ten thousands digit of u?
2
Suppose -87*u + 1101431 = 235*u - 2531373. What is the units digit of u?
2
Let f = 2292 - -3448. What is the thousands digit of f?
5
Let r be 3778 - (-7 - 72/(-8)). Suppose r = 27*g - 2839. What is the units digit of g?
5
Let l(b) = 3*b**3 - 12*b**2 - 10*b - 9. Let o(z) = z**3 - z**2 - z - 2. Let g(f) = -l(f) + 2*o(f). What is the tens digit of g(10)?
8
Let q(h) = -h**2 - 13*h + 79. Let u be q(-16). Suppose -u*i + 3672 = -22*i. What is the tens digit of i?
0
Let q = 5272 + -2933. Suppose 1697 = -5*d - 4*a + 5566, -3*d + q = -2*a. What is the hundreds digit of d?
7
Let t(j) = -2196*j - 754. What is the thousands digit of t(-3)?
5
Let w be 69/(-23) + (607 - 1). Let y = w + -274. What is the tens digit of y?
2
Suppose 796*r - 788*r = 50680. What is the tens digit of r?
3
Let r = 49 + 58. Let f = r - -142. What is the tens digit of f?
4
Let z = 42997 + -28041. What is the units digit of z?
6
Let h(w) be the third derivative of -w**5/60 + 5*w**4/3 + 13*w**3/2 - 51*w**2. What is the hundreds digit of h(19)?
4
Suppose -5*i + 14382 = 4*w, -3*w = -7*i - 4982 - 5783. What is the hundreds digit of w?
5
Suppose 45872 + 86092 = 28*j. Suppose 5*u + 951 = c, 5*c - j = -3*u - 42. What is the hundreds digit of c?
9
What is the hundreds digit of 8/624*1890474 - (-6)/39?
2
Let v be -3*(-1 - 4) - (-3 + 1). Suppose 3*z - v = 1. Suppose -z*d + 551 = 35. What is the units digit of d?
6
Let y(p) = 45*p - 76. Let f be y(20). Suppose 290 + 112 = x - 4*z, -4*z - f = -2*x. What is the hundreds digit of x?
4
Let x(g) = 49*g**2 - g - 4. Let r be x(-2). Let m = 512 - r. What is the units digit of m?
8
Suppose -2*h - 6 = -2, -2*k - 2*h = -7440. Suppose 3*i - k = 4*z, z + 3*z = 5*i - 6190. What is the hundreds digit of i?
2
Suppose 0 = -18*v + 17*v - 376. Let r = -529 - v. Let j = -9 - r. What is the tens digit of j?
4
Suppose -2*s - 3*u = 0, -4*s - 1 + 11 = u. Let h = s - 6. What is the tens digit of (-117)/(-3)*h/(-9)?
1
Let u = -12843 - -21783. What is the tens digit of u?
4
Let z(f) = -17*f**2 - 75*f - 86. Let a(j) = 4*j**2 + j - 1. Let m(r) = 4*a(r) + z(r). What is the thousands digit of m(-42)?
1
Suppose -14310 = -2*r - 2*l, 4 = l + 3*l. What is the hundreds digit of r?
1
Let o be (-4 - 54/(-15))*75. Let a = o - -138. Let u = a - 42. What is the tens digit of u?
6
Let k = -18878 - -29059. What is the ten thousands digit of k?
1
What is the hundreds digit of 11015 - ((-8)/(-64))/(2/48)?
0
Let u = 226 + -221. Suppose -10 = -u*p, 750 + 526 = 2*j + 2*p. What is the units digit of j?
6
Suppose 52*a + 8220 = -41804. Let b = a - -2345. What is the units digit of b?
3
Let q = -326 + 862. Let c = q - 275. What is the hundreds digit of c?
2
Let a(b) = 6*b**3 - 12*b**2 + 22*b - 8. Let j be a(7). Let l(x) = x + 4. Let w be l(11). Suppose -z + j = w*z. What is the hundreds digit of z?
1
Suppose 0 = -2*k, -2*s + 4*s - 38144 = -34*k + 32*k. What is the tens digit of s?
7
Suppose 22898*f - 22890*f - 9240 = 0. What is the hundreds digit of f?
1
Let k be (23/1)/(0 + 1). Suppose -4*w - 6*p + 8 = 0, 72*p + 5 = 5*w + 77*p. Let z = w + k. What is the units digit of z?
2
What is the hundreds digit of (-5225059)/(-258) + 7/(-6)?
2
Let g(n) = n**3 + 10*n**2 - 9*n + 25. Let h be g(-11). Suppose 4*m = -4, 4*q - h*m - 3193 = -q. What is the hundreds digit of q?
6
Let g(f) be the third derivative of -5*f**4/24 + 251*f**3/6 + 32*f**2. What is the tens digit of g(26)?
2
Suppose -284*a + 101192 = -137*a - 133*a. What is the thousands digit of a?
7
Let s = -3494 - -4463. What is the tens digit of s?
6
Suppose 4*i - 8*i = -5*i + 12257. What is the ten thousands digit of i?
1
Let w = -13 - -4. Let z(s) = -5*s**2 - 3*s + 2. Let o(b) = -6*b**2 - 2*b + 1. Let f(n) = 3*o(n) - 4*z(n). What is the tens digit of f(w)?
0
What is the thousands digit of 4970/(-4)*(-65)/(2600/80)?
2
Suppose -2*f = 3*l - 8*l - 5100, -2*l = -2*f + 5112. Suppose -2*u = -8, 5*n - 4*u + 671 - f = 0. What is the hundreds digit of n?
3
Suppose -4*a + 145374 = -2*k, -5*a - 33*k + 181734 = -30*k. What is the thousands digit of a?
6
Let d(s) = s**2 - 6*s - 190. Let z be d(17). What is the tens digit of 27/(-18)*802/z?
0
Let q = -3224 + 8471. What is the thousands digit of q?
5
Let p(n) = n**3 + 3*n**2 - n + 11. Let x be p(-4). What is the units digit of (3573/(4 + x))/3?
7
Let x be -1 + 1 - (45/3)/3. Let a(f) = -5*f - 13 - 8*f - 7 + 2*f. What is the units digit of a(x)?
5
Let b = -29817 + 51046. What is the units digit of b?
9
Let f(k) be the third derivative of k**5/30 - 3*k**4/8 - 2*k**3/3 - 3*k**2. Let r be f(5). What is the tens digit of ((42 - 2) + 0)*(1 + r)?
8
Let h = -334 - -558. Let a = h - 77. What is the units digit of a?
7
What is the hundreds digit of 7154 - 3/(370/50 - 8)?
1
Let m(d) = -d**3 - 84*d**2 - 189*d - 113. What is the units digit of m(-82)?
7
Let k(j) = j**3 + 5*j**2 + 2*j - 4. Let z be k(-3). Let u = z - 4. What is the hundreds digit of (-3 - (-430)/u) + 15/10?
1
Let c(j) = j**2 + 2*j - 1. Let t be c(-3). Suppose y = i - 58, 3*i - t*y = -6*y + 188. What is the units digit of i?
0
Let v be (-6 + 3)*64 + (-4)/(-1). Let x = -327 - v. Let n = x - -247. What is the hundreds digit of n?
1
Suppose 65 = -3*y + 8*y. What is the units digit of -4 + -6 + y - 21/(-1)?
4
Let t be (60/(-45))/((-8)/18). Suppose -2*y - 2*y + 1584 = -4*d, 5*y - t*d = 1978. What is the tens digit of y?
9
Suppose 5*t - 1723 = -1738, t + 43810 = w. What is the hundreds digit of w?
8
Suppose 5*w + 5*k = 45, 5*w = -k - 3 + 48. Suppose w*j - 4*j + 455 = 0. Let l = j - -194. What is the tens digit of l?
0
Let r(z) = -575*z**3 - 7*z**2 - 63*z - 213. What is the units digit of r(-4)?
7
Let f = 75 + 38. Let j = f + -78. Suppose -6*t + t = -j. What is the units digit of t?
7
Suppose -134*h = 3*i - 137*h - 107655, -i - 5*h + 35837 = 0. What is the units digit of i?
7
Suppose -7*n - 210 = -22*n. What is the tens digit of n/(-1)*(-8)/((-16)/(-13))?
9
Suppose -15*s + 2*a + 70018 = -7*s, 5*a + 8757 = s. What is the tens digit of s?
5
Let r = 1317 - 125. Let q = -799 + r. What is the tens digit of q?
9
Let j = 13 - -13. Let i(d) = 24*d - 150. What is the units digit of i(j)?
4
Let v = 83648 - 55235. What is the thousands digit of v?
8
Suppose -3*r + 2*d - 1733 = 3*d, -d - 1154 = 2*r. Let p = -12 - r. What is the tens digit of p?
6
Let r be (-710)/(-7) - 24/(-42). Let q = r + 264. What is the tens digit of q?
6
Let q be -3*1/((-18)/12) + 77. Suppose 3*m = 5*p + 496, 0 = 2*m + 3*p + q - 397. What is the tens digit of m?
6
What is the ten thousands digit of (-1168111)/(-105) + (-40)/(-300)?
1
Suppose 0 = 24*u - 28*u - 928. What is the tens digit of (-7)/4*(-4 + (u - 0))?
1
Suppose -4*m + 96896 = -3*w, -8*m - 72672 = -11*m - 5*w. What is the hundreds digit of m?
2
Let d = -10449 + 13945. What is the thousands digit of d?
3
Let a be -1 - 1 - (-16 - 10). Suppose 8*u = 12*u + a. What is the units digit of (-2 - 12)*(u - -4)?
8
Suppose -289 = 8*l - 1953. Suppose -l